s digit of c?
7
Let a(n) = 8*n**2 + 106*n + 65. Let w(j) = -3*j**2 - 36*j - 22. Let c(h) = -6*a(h) - 17*w(h). What is the hundreds digit of c(-8)?
3
Let t = 497 - 500. Let d(r) = 38*r**2 + 4*r + 2. What is the tens digit of d(t)?
3
Let w = 308 - -1672. What is the tens digit of w?
8
Let m = 11709 - 3811. What is the tens digit of m?
9
Let q(k) = -5039*k - 4572. What is the thousands digit of q(-5)?
0
Let d = 108 - 43. Suppose -253 = -k + d. What is the hundreds digit of k?
3
Let t be (5 - (-3 + 5 - 4)) + -1. Let g(b) = -b - 1. Let u(r) = -18*r - 28. Let v(d) = 2*g(d) - u(d). What is the units digit of v(t)?
2
What is the ten thousands digit of (-1595)/22*9712/(-40)?
1
Suppose -16*j - 255 = -21*j. Suppose -58*y = -j*y - 1904. What is the units digit of y?
2
What is the hundreds digit of 1*10/(-25) + 130828/20?
5
Suppose 2*l + 2*s = -s, 0 = -5*l + 4*s + 23. Let y be 5 + (4 - (-2 - 12)). What is the tens digit of (-12 + 10)/((l/y)/(-3))?
4
Let z = -37 + 37. Suppose z*b - 5*b + 2 = 2*w, -3*b - 3*w - 6 = 0. Suppose 0 = b*j + j - 117. What is the tens digit of j?
3
Let w = -7566 + 15176. Suppose -w = -8*n - 1394. What is the hundreds digit of n?
7
Let v(y) = -153*y**3 - 7*y**2 - 13*y - 209. What is the thousands digit of v(-7)?
2
Let o(c) = -493*c - 234. What is the ten thousands digit of o(-64)?
3
Suppose 2*k = -o - 0*k + 235, -4*o = -k - 940. Let y = 784 + o. What is the hundreds digit of y?
0
Suppose 2*j = -2*t + 128, 0 = -5*t + 22*j - 17*j + 360. Let x be (-4 - -2 - -7)*1. Suppose -x*q = -4*q - t. What is the tens digit of q?
6
Suppose -5*o - 4 = -4*w + 5*w, 0 = 5*o + 4*w + 16. Suppose 14*u + 0*u - 15330 = o. What is the hundreds digit of u?
0
Let z(i) = 74*i - 30. Let f = -171 - -174. What is the units digit of z(f)?
2
Let q = 19872 + -8690. What is the ten thousands digit of q?
1
Suppose -252 = -10*q + 878. Suppose -o + 633 = q. What is the hundreds digit of o?
5
Suppose 4*c = 38 - 34. What is the tens digit of (-27)/(c/5*105/(-189))?
4
Suppose -2*k - t + 4*t = -789, 5*k = -4*t + 1938. What is the hundreds digit of k?
3
Suppose -9 = -5*y + 6. Suppose 0 = -6*w + y*w. Suppose -4*j = -9*j + n + 275, -n = w. What is the tens digit of j?
5
Let o = -912 + 2834. What is the hundreds digit of o?
9
Let q(s) = -10*s**3 - 25*s**2 - 122*s - 36. What is the hundreds digit of q(-10)?
6
Suppose d + 2*d - 135638 = -5*p, -2*p + 5*d = -54218. What is the hundreds digit of p?
1
Suppose -8*w = -76*w + 315928. What is the tens digit of w?
4
Let x = 3351 + 1903. What is the units digit of x?
4
Let w(u) = 9*u**3 - 20*u**2 + 21*u + 45. What is the units digit of w(12)?
9
Let b(g) = 16*g**2. Let n be 3/2 - 17/34. Let w be 4 + (-3 - (n + -1)). What is the units digit of b(w)?
6
Let g(h) = -20*h + 9. Let r be g(-2). Suppose -6*o = -5*o - r. Suppose 2*s = -2*u + 23 + o, -3*u = -5*s + 172. What is the units digit of s?
5
Suppose -21*d = -346612 + 3382 - 121878. What is the thousands digit of d?
2
Let f = 0 + 0. Suppose -5*o + 0*o - 3*u + 41 = f, 0 = -3*o + 3*u + 15. Suppose o*k - 57 = 4*k. What is the tens digit of k?
1
Let s(k) = k**2 + 2*k + 203. Let g be s(-19). Let t = -234 + g. What is the tens digit of t?
9
Let n be (-8 - -21) + -6 + -565. Let l = 1200 + n. What is the hundreds digit of l?
6
Suppose -21*j + 27 = -4677. Let y = 119 + -56. Suppose -z = 5*l - 179 - y, j = z - l. What is the hundreds digit of z?
2
Suppose -w + 13336 = 4*z, -5*z = -10*z + 4*w + 16649. Suppose -18*s = -7*s - z. What is the units digit of s?
3
Let k(d) = 2*d**3 + 13*d**2 + d - 12. Let v(m) = 3*m**2 - 9*m - 7. Let s be v(4). What is the hundreds digit of k(s)?
5
Let r(h) = -h**3 - 15*h**2 + 15*h - 16. Let z be r(-16). Suppose z = 2*d + 5*t - 340, 5*d + t = 2*d + 497. What is the tens digit of d?
6
Let l = 22063 + -15287. Suppose 40*t = 744 + l. What is the units digit of t?
8
Let u(v) = -17*v - 3. Let c be u(-4). Suppose -3*p - 57*q + 60*q = -165, -4*q - 162 = -3*p. Suppose -63*d + c = -p*d. What is the units digit of d?
3
Suppose 25098 = 3*r + 5*t, -15*t + 13*t + 41830 = 5*r. What is the hundreds digit of r?
3
Suppose 0 = -5*s - 16*s - 5376. Let l = -7 - s. What is the hundreds digit of l?
2
Let a(o) = -174*o**2 + o. Let d be a(-1). Let l = d + 370. What is the tens digit of l?
9
Suppose 3*l - 181 = -4*d, -135 = -2*d - d - 3*l. Let c = -5 + d. Suppose -3*u + 3*z + 28 + 83 = 0, 3*z = u - c. What is the tens digit of u?
3
Suppose -2*s + 71583 = c, 10*s - 11*s + 35795 = -3*c. What is the hundreds digit of s?
7
Let y = 28806 + -18724. What is the thousands digit of y?
0
Let u be 12/3 - (5 + 5). Let o be (92/(-3))/(-3 + (-14)/u). Let c = o + 36. What is the units digit of c?
2
Suppose 3*u + 17 = o - 5*o, -2*u - 2*o - 8 = 0. What is the units digit of 881/(((-2)/18)/(u/(-9)))?
1
Let g = -91 + 36. What is the hundreds digit of (-5)/(-3)*(-33)/g + 472?
4
Let l(g) = -7*g**2 + 71*g - 12. Let q be l(15). Let s = q - -1022. What is the tens digit of s?
0
Suppose 10 + 25 = -7*b. Let w(z) = 2*z**2 - 11*z - 9. Let s(h) = h**2 - 5*h - 4. Let c(x) = b*s(x) + 2*w(x). What is the units digit of c(3)?
2
Suppose -283527 = -77*x - 49185 + 143035. What is the tens digit of x?
0
Let m = 40467 - 35851. What is the hundreds digit of m?
6
Let a(o) = 34*o - 3. Let x be a(1). Suppose -3*f = 7*v - 2*v + x, 3*f - 5*v = 19. What is the tens digit of ((-39)/(-33) - f/(-11))*147?
4
Let n = -11 + 15. Suppose 0 = -p + n*t - 151, -3*p + t = -2*t + 498. Let y = -120 - p. What is the tens digit of y?
5
Let m(u) = -u**2 + 20*u + 14. Let n(w) = -w**2 - 8*w - 9. Let p be n(-5). Suppose 0 = p*z + 5*z - 132. What is the units digit of m(z)?
0
Let v = 33 - -32. Suppose -580 = -0*l - 5*l. Let t = l - v. What is the tens digit of t?
5
Let d(h) = -333*h + 6. Let v(p) = 333*p - 5. Let m(r) = 5*d(r) + 6*v(r). Let y be m(1). Let u = y + -215. What is the units digit of u?
8
Let p(d) = 11*d**2 - 8 - d + 23*d**2 + 2 + 10. What is the units digit of p(3)?
7
Let f be ((-2760)/(-35))/6 - (-2)/(-14). Suppose 0 = -u + f*u. Suppose -4*o + 694 = -0*l + 2*l, 2*l + 2 = u. What is the hundreds digit of o?
1
Suppose -5*r - 241705 = -5*x, -211*x = -215*x - 2*r + 193352. What is the tens digit of x?
3
Let q(i) = 197*i + 5. Suppose -924 = 8*x + 3*x. Let y = x - -85. What is the hundreds digit of q(y)?
2
Let s(m) be the second derivative of 5/2*m**2 + 14*m + 0 + 1/6*m**3. What is the tens digit of s(12)?
1
Suppose 13*i - 2863 = 16533. Suppose 435*q + i = 437*q. What is the tens digit of q?
4
Let a(k) = 35293*k - 1044. What is the thousands digit of a(1)?
4
Suppose 0 = 14*o + 23*o - 51800. What is the units digit of o?
0
What is the ten thousands digit of (-4*42394/(-55))/((-154)/(-30) - 5)?
2
Suppose -11871 = 30*b - 361821. What is the thousands digit of b?
1
Let u = 24026 - 8100. What is the units digit of u?
6
Let s(z) be the first derivative of -z**3/3 - 37*z**2/2 - 32*z - 65. What is the hundreds digit of s(-32)?
1
Let u(k) = k**2 + 9*k + 7488. What is the thousands digit of u(111)?
0
Let s(y) = 24 + 2*y**2 - 26 + 31*y - 7. What is the tens digit of s(-30)?
6
Suppose -4056 = -9*k - 4*k. Let m be k/3 + (2 - -1). Suppose 0 = 3*o - 5*a - m, 4*o = a - 6*a + 201. What is the units digit of o?
4
Suppose 4*k + 2*t = 2262, 3*k + 4*t - 2648 + 959 = 0. Suppose -4*j - k = -6*j + 3*g, 557 = 2*j - g. What is the units digit of j?
6
Suppose -23*c + 24*c + 4*j = 8816, c = -2*j + 8802. What is the hundreds digit of c?
7
Let b = 52 + -60. What is the hundreds digit of 13170/48 + 3/b?
2
Let j = -19983 + 38783. What is the tens digit of j?
0
Suppose -13*n - 52*n + 667483 + 894987 = 0. What is the ten thousands digit of n?
2
Suppose -12 - 108 = -5*d. Suppose -5*q - d = 7*q. What is the hundreds digit of 6440/52 + q/(-13)?
1
Suppose 5*v + 2*c - 82036 = 0, 0 = -22*v + 21*v - 4*c + 16400. What is the units digit of v?
8
Let u(d) = d**3 - 20*d**2 - 66*d - 74. What is the ten thousands digit of u(37)?
2
Let s(b) be the third derivative of b**5/60 - b**4/12 - 23*b**3/2 - 51*b**2. What is the tens digit of s(31)?
3
Let f = 6596 - -278. Suppose -43*s + f + 10584 = 0. What is the units digit of s?
6
Let k(g) = 6178*g - 8178. What is the hundreds digit of k(11)?
7
Let d = -76 + 81. Suppose -r + 4*n = -71, -d*r + 4*n = -227 - 96. What is the units digit of r?
3
Suppose -126303 